e greatest common factor of 1555 and 3235?
5
What is the highest common divisor of 6422 and 3230?
38
What is the greatest common divisor of 120 and 45520?
40
Calculate the highest common factor of 357 and 3560718.
357
What is the highest common divisor of 102 and 322286?
34
Calculate the greatest common divisor of 54149 and 67989.
173
What is the highest common factor of 71222 and 2384?
298
Calculate the greatest common factor of 67557 and 84.
21
What is the highest common factor of 1467426 and 597?
597
Calculate the greatest common factor of 7742 and 245.
49
What is the highest common factor of 669911 and 11?
11
Calculate the greatest common factor of 1400 and 92050.
350
What is the highest common factor of 46 and 417726?
46
Calculate the highest common divisor of 234 and 2955108.
78
Calculate the greatest common divisor of 3201 and 1914.
33
Calculate the highest common factor of 73725 and 100.
25
Calculate the greatest common divisor of 14398 and 667.
23
Calculate the highest common factor of 2755 and 153178.
551
What is the highest common factor of 70 and 110705?
35
Calculate the greatest common factor of 255 and 2310.
15
What is the greatest common divisor of 1144 and 93368?
88
Calculate the greatest common factor of 12 and 203692.
4
Calculate the greatest common factor of 3040 and 64000.
160
Calculate the highest common divisor of 3156 and 4332.
12
Calculate the highest common divisor of 8266 and 27.
1
Calculate the highest common divisor of 31523 and 29.
29
Calculate the highest common factor of 4 and 4768.
4
What is the greatest common divisor of 22261 and 2147?
113
What is the greatest common factor of 4596 and 1308?
12
What is the greatest common divisor of 4182 and 3690?
246
What is the highest common divisor of 31 and 106919?
31
What is the highest common divisor of 2494 and 8385?
43
Calculate the highest common divisor of 1785594 and 834.
834
What is the highest common factor of 5665 and 385?
55
What is the greatest common divisor of 35787 and 51903?
237
What is the greatest common divisor of 1296 and 2704?
16
Calculate the highest common divisor of 1320 and 11055.
165
What is the highest common factor of 60963 and 168?
21
Calculate the greatest common factor of 55765 and 190.
95
Calculate the highest common divisor of 1141099 and 23.
23
Calculate the highest common divisor of 817 and 6517.
19
What is the highest common divisor of 1984 and 677288?
248
Calculate the greatest common factor of 167405 and 140.
35
What is the highest common divisor of 2033 and 76?
19
What is the greatest common divisor of 183 and 2104927?
61
Calculate the greatest common divisor of 613536 and 5376.
672
Calculate the highest common divisor of 200 and 114952.
8
What is the highest common factor of 204 and 1732?
4
Calculate the highest common divisor of 783013 and 11.
11
Calculate the greatest common factor of 1161 and 185932.
43
Calculate the highest common divisor of 1755 and 4563.
351
Calculate the highest common factor of 119707 and 49.
49
Calculate the highest common divisor of 1300 and 139880.
260
What is the greatest common divisor of 10445 and 10?
5
What is the highest common factor of 51302 and 11350?
454
What is the highest common factor of 21818 and 24?
2
What is the greatest common factor of 180812 and 850?
34
Calculate the highest common divisor of 5633 and 7598.
131
What is the highest common divisor of 14659 and 749?
107
What is the greatest common factor of 146 and 851837?
73
What is the highest common divisor of 902336 and 32?
32
Calculate the highest common factor of 56 and 3580.
4
Calculate the highest common factor of 1235 and 980.
5
Calculate the greatest common divisor of 818958 and 238.
238
Calculate the highest common factor of 412 and 95996.
412
Calculate the highest common factor of 545 and 27904.
109
What is the greatest common divisor of 1032 and 333852?
516
Calculate the highest common divisor of 51252 and 48.
12
What is the highest common divisor of 29214 and 9?
9
Calculate the highest common factor of 92898 and 162.
18
What is the greatest common factor of 7584 and 36?
12
Calculate the greatest common divisor of 53982 and 3384.
18
What is the greatest common factor of 4912 and 36?
4
What is the greatest common factor of 863380 and 28?
28
What is the highest common divisor of 1656559 and 1?
1
Calculate the highest common factor of 22 and 5142071.
11
What is the highest common factor of 500454 and 18?
18
What is the highest common divisor of 18 and 405414?
18
Calculate the highest common factor of 70 and 14266.
14
Calculate the greatest common factor of 871 and 1534.
13
Calculate the greatest common factor of 1105018 and 906.
302
What is the greatest common factor of 66016 and 32?
32
What is the highest common factor of 13660 and 40?
20
Calculate the greatest common factor of 5118 and 92.
2
Calculate the highest common factor of 9460 and 688.
172
What is the highest common factor of 504355 and 190?
95
Calculate the highest common factor of 2296 and 205123.
41
What is the greatest common factor of 11475 and 1050?
75
What is the greatest common divisor of 155 and 397079?
31
Calculate the greatest common divisor of 59672 and 8.
8
Calculate the greatest common divisor of 8944244 and 2108.
2108
Calculate the highest common divisor of 16 and 26184.
8
What is the greatest common factor of 76070 and 10?
10
What is the highest common divisor of 945030 and 545?
545
Calculate the greatest common divisor of 13 and 4804891.
13
Calculate the greatest common factor of 55134 and 2025.
27
What is the highest common divisor of 16580682 and 18?
18
Calculate the greatest common divisor of 515407 and 161.
23
Calculate the greatest common divisor of 777 and 1068116.
259
Calculate the highest common factor of 398 and 72237.
199
What is the highest common factor of 4424 and 19656?
56
What is the greatest common divisor of 11072 and 4071728?
2768
Calculate the greatest common divisor of 83952 and 60.
12
Calculate the greatest common factor of 16650 and 27.
9
Calculate the greatest common divisor of 2933 and 5376.
7
Calculate the greatest common factor of 7392 and 27.
3
What is the highest common factor of 3565665 and 7021?
1003
What is the highest common divisor of 167 and 178523?
167
What is the greatest common factor of 231 and 45661?
77
Calculate the greatest common factor of 78 and 270582.
78
Calculate the highest common factor of 2573 and 1550.
31
Calculate the highest common factor of 16 and 26862896.
16
What is the greatest common divisor of 52 and 706446?
26
Calculate the greatest common divisor of 285 and 411.
3
Calculate the highest common factor of 2728 and 1646689.
341
What is the highest common factor of 52 and 34948?
4
Calculate the greatest common divisor of 29524 and 2196.
244
What is the greatest common divisor of 529728 and 3560?
712
Calculate the greatest common divisor of 1121 and 2065.
59
What is the greatest common factor of 1021 and 20?
1
Calculate the highest common factor of 3102 and 119850.
282
Calculate the highest common divisor of 55748 and 33.
11
What is the highest common factor of 174 and 148654?
58
Calculate the highest common divisor of 16836 and 976.
244
Calculate the highest common divisor of 633895 and 1455.
485
What is the greatest common factor of 429391 and 856?
107
What is the highest common factor of 10965 and 189329?
731
Calculate the highest common divisor of 33925 and 28615.
295
What is the highest common divisor of 108397 and 183?
61
What is the greatest common factor of 624 and 141744?
48
Calculate the highest common factor of 540 and 14505.
15
Calculate the greatest common factor of 32 and 107528.
8
Calculate the highest common factor of 1111377 and 381.
381
Calculate the highest common factor of 244 and 1001437.
61
What is the highest common factor of 35230 and 26?
26
What is the greatest common divisor of 368944 and 16?
16
What is the highest common divisor of 1744 and 194020?
436
What is the highest common factor of 54795 and 1690?
65
What is the highest common divisor of 1456440 and 120?
120
What is the greatest common factor of 58 and 2625022?
58
Calculate the greatest common factor of 26 and 302042.
26
Calculate the highest common divisor of 52350 and 57.
3
Calculate the greatest common divisor